{"id":8614,"date":"2025-06-03T13:58:55","date_gmt":"2025-06-03T11:58:55","guid":{"rendered":"https:\/\/bad-sulza.info\/veranstaltung\/eberstedter-muehlenrauschen-dejan-and-his-oberkrainer\/"},"modified":"2026-04-13T13:24:32","modified_gmt":"2026-04-13T11:24:32","slug":"eberstedter-muehlenrauschen-dejan-and-his-oberkrainer","status":"publish","type":"tribe_events","link":"https:\/\/bad-sulza.info\/en\/veranstaltung\/eberstedter-muehlenrauschen-dejan-and-his-oberkrainer\/","title":{"rendered":"Eberstedter M\u00fchlenrauschen &#8211; Dejan and his Oberkrainer"},"content":{"rendered":"<div class=\"fusion-fullwidth fullwidth-box fusion-builder-row-1 fusion-flex-container nonhundred-percent-fullwidth non-hundred-percent-height-scrolling\" style=\"--awb-border-radius-top-left:0px;--awb-border-radius-top-right:0px;--awb-border-radius-bottom-right:0px;--awb-border-radius-bottom-left:0px;--awb-flex-wrap:wrap;\" ><div class=\"fusion-builder-row fusion-row fusion-flex-align-items-flex-start fusion-flex-content-wrap\" style=\"max-width:1040px;margin-left: calc(-4% \/ 2 );margin-right: calc(-4% \/ 2 );\"><div class=\"fusion-layout-column fusion_builder_column fusion-builder-column-0 fusion_builder_column_1_1 1_1 fusion-flex-column\" style=\"--awb-bg-size:cover;--awb-width-large:100%;--awb-margin-top-large:0px;--awb-spacing-right-large:1.92%;--awb-margin-bottom-large:0px;--awb-spacing-left-large:1.92%;--awb-width-medium:100%;--awb-spacing-right-medium:1.92%;--awb-spacing-left-medium:1.92%;--awb-width-small:100%;--awb-spacing-right-small:1.92%;--awb-spacing-left-small:1.92%;\"><div class=\"fusion-column-wrapper fusion-flex-justify-content-flex-start fusion-content-layout-column\"><div class=\"fusion-text fusion-text-1\"><div class=\"xdj266r x11i5rnm xat24cr x1mh8g0r x1vvkbs\">Young, fresh and lots of music in their blood!<\/div>\n<div class=\"x11i5rnm xat24cr x1mh8g0r x1vvkbs xtlvy1s\">The band Oberkrainer Murmeltiere (Dejan &amp; seine Oberkrainer) with the former singer of the ensemble Sa\u0161o Avsenik &amp; seine Oberkrainer Dejan Zupan and the extraordinary voice of singer Ur\u0161ka Borovin\u0161ek, is already one of the best folk music bands in Slovenia.<br class=\"html-br\">With their youthful drive and energy, they will provide unforgettable moments in the Teater hall with beautiful melodies and lively rhythms of Oberkrainer music.<\/div>\n<div class=\"x11i5rnm xat24cr x1mh8g0r x1vvkbs xtlvy1s\">Experience a piece of European music history &#8211; honest, genuine and 100% handmade.<\/div>\n<div class=\"x11i5rnm xat24cr x1mh8g0r x1vvkbs xtlvy1s\">Don&#8217;t miss this cheerful afternoon, atmosphere guaranteed!<\/div>\n<div><\/div>\n<div>Start: 3 pm<\/div>\n<div>Admission from 1 pm<\/div>\n<div>Musical prelude from 2 pm<\/div>\n<div><\/div>\n<div>Tickets available at the \u00d6lm\u00fchle Eberstedt or on eventim<\/div>\n<div><\/div>\n<\/div><\/div><\/div><\/div><\/div>\n","protected":false},"excerpt":{"rendered":"","protected":false},"author":7,"featured_media":6685,"template":"","meta":{"_tribe_events_status":"","_tribe_events_status_reason":"","footnotes":""},"tags":[],"tribe_events_cat":[78,69],"class_list":["post-8614","tribe_events","type-tribe_events","status-publish","has-post-thumbnail","hentry","tribe_events_cat-concert","tribe_events_cat-event","cat_concert","cat_event"],"_links":{"self":[{"href":"https:\/\/bad-sulza.info\/en\/wp-json\/wp\/v2\/tribe_events\/8614","targetHints":{"allow":["GET"]}}],"collection":[{"href":"https:\/\/bad-sulza.info\/en\/wp-json\/wp\/v2\/tribe_events"}],"about":[{"href":"https:\/\/bad-sulza.info\/en\/wp-json\/wp\/v2\/types\/tribe_events"}],"author":[{"embeddable":true,"href":"https:\/\/bad-sulza.info\/en\/wp-json\/wp\/v2\/users\/7"}],"version-history":[{"count":2,"href":"https:\/\/bad-sulza.info\/en\/wp-json\/wp\/v2\/tribe_events\/8614\/revisions"}],"predecessor-version":[{"id":8616,"href":"https:\/\/bad-sulza.info\/en\/wp-json\/wp\/v2\/tribe_events\/8614\/revisions\/8616"}],"wp:featuredmedia":[{"embeddable":true,"href":"https:\/\/bad-sulza.info\/en\/wp-json\/wp\/v2\/media\/6685"}],"wp:attachment":[{"href":"https:\/\/bad-sulza.info\/en\/wp-json\/wp\/v2\/media?parent=8614"}],"wp:term":[{"taxonomy":"post_tag","embeddable":true,"href":"https:\/\/bad-sulza.info\/en\/wp-json\/wp\/v2\/tags?post=8614"},{"taxonomy":"tribe_events_cat","embeddable":true,"href":"https:\/\/bad-sulza.info\/en\/wp-json\/wp\/v2\/tribe_events_cat?post=8614"}],"curies":[{"name":"wp","href":"https:\/\/api.w.org\/{rel}","templated":true}]}}

Eberstedter Mühlenrauschen &#8211; Dejan and his Oberkrainer

<div class="fusion-fullwidth fullwidth-box fusion-builder-row-1 fusion-flex-container nonhundred-percent-fullwidth non-hundred-percent-height-scrolling" style="--awb-border-radius-top-left:0px;--awb-border-radius-top-right:0px;--awb-border-radius-bottom-right:0px;--awb-border-radius-bottom-left:0px;--awb-flex-wrap:wrap;" ><div class="fusion-builder-row fusion-row fusion-flex-align-items-flex-start fusion-flex-content-wrap" style="max-width:1040px;margin-left: calc(-4% / 2 );margin-right: calc(-4% / 2 );"><div class="fusion-layout-column fusion_builder_column fusion-builder-column-0 fusion_builder_column_1_1 1_1 fusion-flex-column" style="--awb-bg-size:cover;--awb-width-large:100%;--awb-margin-top-large:0px;--awb-spacing-right-large:1.92%;--awb-margin-bottom-large:0px;--awb-spacing-left-large:1.92%;--awb-width-medium:100%;--awb-spacing-right-medium:1.92%;--awb-spacing-left-medium:1.92%;--awb-width-small:100%;--awb-spacing-right-small:1.92%;--awb-spacing-left-small:1.92%;"><div class="fusion-column-wrapper fusion-flex-justify-content-flex-start fusion-content-layout-column"><div class="fusion-text fusion-text-1"><div class="xdj266r x11i5rnm xat24cr x1mh8g0r x1vvkbs">Young, fresh and lots of music in their blood!</div>
<div class="x11i5rnm xat24cr x1mh8g0r x1vvkbs xtlvy1s">The band Oberkrainer Murmeltiere (Dejan &amp; seine Oberkrainer) with the former singer of the ensemble Sašo Avsenik &amp; seine Oberkrainer Dejan Zupan and the extraordinary voice of singer Urška Borovinšek, is already one of the best folk music bands in Slovenia.<br class="html-br">With their youthful drive and energy, they will provide unforgettable moments in the Teater hall with beautiful melodies and lively rhythms of Oberkrainer music.</div>
<div class="x11i5rnm xat24cr x1mh8g0r x1vvkbs xtlvy1s">Experience a piece of European music history &#8211; honest, genuine and 100% handmade.</div>
<div class="x11i5rnm xat24cr x1mh8g0r x1vvkbs xtlvy1s">Don&#8217;t miss this cheerful afternoon, atmosphere guaranteed!</div>
<div></div>
<div>Start: 3 pm</div>
<div>Admission from 1 pm</div>
<div>Musical prelude from 2 pm</div>
<div></div>
<div>Tickets available at the Ölmühle Eberstedt or on eventim</div>
<div></div>
</div></div></div></div></div>
